{"id":141,"date":"2017-04-07T16:35:13","date_gmt":"2017-04-07T21:35:13","guid":{"rendered":"http:\/\/minga.ec\/?page_id=141"},"modified":"2025-12-30T10:46:07","modified_gmt":"2025-12-30T15:46:07","slug":"contacto","status":"publish","type":"page","link":"https:\/\/minga.ec\/?page_id=141","title":{"rendered":"Contacto"},"content":{"rendered":"\t\t<div data-elementor-type=\"wp-page\" data-elementor-id=\"141\" class=\"elementor elementor-141\" data-elementor-post-type=\"page\">\n\t\t\t\t<div class=\"elementor-element elementor-element-1449eac e-flex e-con-boxed e-con e-parent\" data-id=\"1449eac\" data-element_type=\"container\">\n\t\t\t\t\t<div class=\"e-con-inner\">\n\t\t<div class=\"elementor-element elementor-element-c991538 e-con-full e-flex e-con e-child\" data-id=\"c991538\" data-element_type=\"container\" data-settings=\"{&quot;background_background&quot;:&quot;classic&quot;}\">\n\t\t\t\t<div class=\"elementor-element elementor-element-3156433 elementor-widget elementor-widget-heading\" data-id=\"3156433\" data-element_type=\"widget\" data-widget_type=\"heading.default\">\n\t\t\t\t\t<h2 class=\"elementor-heading-title elementor-size-default\">Hablemos de tu proyecto<\/h2>\t\t\t\t<\/div>\n\t\t\t\t<div class=\"elementor-element elementor-element-cfef1fc elementor-widget-divider--view-line elementor-widget elementor-widget-divider\" data-id=\"cfef1fc\" data-element_type=\"widget\" data-widget_type=\"divider.default\">\n\t\t\t\t\t\t\t<div class=\"elementor-divider\">\n\t\t\t<span class=\"elementor-divider-separator\">\n\t\t\t\t\t\t<\/span>\n\t\t<\/div>\n\t\t\t\t\t\t<\/div>\n\t\t\t\t<div class=\"elementor-element elementor-element-4091aa2 elementor-widget elementor-widget-text-editor\" data-id=\"4091aa2\" data-element_type=\"widget\" data-widget_type=\"text-editor.default\">\n\t\t\t\t\t\t\t\t\t<p style=\"text-align: center\">D\u00e9janos tus datos y uno de nuestros asesores t\u00e9cnicos se comunicar\u00e1 contigo para entender tu necesidad y ofrecerte la mejor soluci\u00f3n.<\/p>\t\t\t\t\t\t\t\t<\/div>\n\t\t\t\t<\/div>\n\t\t<div class=\"elementor-element elementor-element-d46bee1 e-con-full e-flex e-con e-child\" data-id=\"d46bee1\" data-element_type=\"container\">\n\t\t\t\t<div class=\"elementor-element elementor-element-2fd04d7 elementor-button-align-stretch elementor-widget elementor-widget-form\" data-id=\"2fd04d7\" data-element_type=\"widget\" data-settings=\"{&quot;step_next_label&quot;:&quot;Next&quot;,&quot;step_previous_label&quot;:&quot;Previous&quot;,&quot;button_width&quot;:&quot;100&quot;,&quot;step_type&quot;:&quot;number_text&quot;,&quot;step_icon_shape&quot;:&quot;circle&quot;}\" data-widget_type=\"form.default\">\n\t\t\t\t\t\t\t<form class=\"elementor-form\" method=\"post\" name=\"New Form\" aria-label=\"New Form\">\n\t\t\t<input type=\"hidden\" name=\"post_id\" value=\"141\"\/>\n\t\t\t<input type=\"hidden\" name=\"form_id\" value=\"2fd04d7\"\/>\n\t\t\t<input type=\"hidden\" name=\"referer_title\" value=\"Contacto - Minga S.A. - Direcci\u00f3n y n\u00fameros de contactos\" \/>\n\n\t\t\t\t\t\t\t<input type=\"hidden\" name=\"queried_id\" value=\"141\"\/>\n\t\t\t\n\t\t\t<div class=\"elementor-form-fields-wrapper elementor-labels-above\">\n\t\t\t\t\t\t\t\t<div class=\"elementor-field-type-text elementor-field-group elementor-column elementor-field-group-name elementor-col-100\">\n\t\t\t\t\t\t\t\t\t\t\t\t<label for=\"form-field-name\" class=\"elementor-field-label\">\n\t\t\t\t\t\t\t\tNombre\t\t\t\t\t\t\t<\/label>\n\t\t\t\t\t\t\t\t\t\t\t\t\t\t<input size=\"1\" type=\"text\" name=\"form_fields[name]\" id=\"form-field-name\" class=\"elementor-field elementor-size-sm  elementor-field-textual\">\n\t\t\t\t\t\t\t\t\t\t\t<\/div>\n\t\t\t\t\t\t\t\t<div class=\"elementor-field-type-text elementor-field-group elementor-column elementor-field-group-field_117745a elementor-col-100\">\n\t\t\t\t\t\t\t\t\t\t\t\t<label for=\"form-field-field_117745a\" class=\"elementor-field-label\">\n\t\t\t\t\t\t\t\tCargo\t\t\t\t\t\t\t<\/label>\n\t\t\t\t\t\t\t\t\t\t\t\t\t\t<input size=\"1\" type=\"text\" name=\"form_fields[field_117745a]\" id=\"form-field-field_117745a\" class=\"elementor-field elementor-size-sm  elementor-field-textual\">\n\t\t\t\t\t\t\t\t\t\t\t<\/div>\n\t\t\t\t\t\t\t\t<div class=\"elementor-field-type-email elementor-field-group elementor-column elementor-field-group-email elementor-col-100 elementor-field-required\">\n\t\t\t\t\t\t\t\t\t\t\t\t<label for=\"form-field-email\" class=\"elementor-field-label\">\n\t\t\t\t\t\t\t\tEmail\t\t\t\t\t\t\t<\/label>\n\t\t\t\t\t\t\t\t\t\t\t\t\t\t<input size=\"1\" type=\"email\" name=\"form_fields[email]\" id=\"form-field-email\" class=\"elementor-field elementor-size-sm  elementor-field-textual\" required=\"required\">\n\t\t\t\t\t\t\t\t\t\t\t<\/div>\n\t\t\t\t\t\t\t\t<div class=\"elementor-field-type-textarea elementor-field-group elementor-column elementor-field-group-message elementor-col-100\">\n\t\t\t\t\t\t\t\t\t\t\t\t<label for=\"form-field-message\" class=\"elementor-field-label\">\n\t\t\t\t\t\t\t\tMensaje\t\t\t\t\t\t\t<\/label>\n\t\t\t\t\t\t<textarea class=\"elementor-field-textual elementor-field  elementor-size-sm\" name=\"form_fields[message]\" id=\"form-field-message\" rows=\"4\"><\/textarea>\t\t\t\t<\/div>\n\t\t\t\t\t\t\t\t<div class=\"elementor-field-type-acceptance elementor-field-group elementor-column elementor-field-group-field_0b4d50e elementor-col-100 elementor-field-required\">\n\t\t\t\t\t\t\t<div class=\"elementor-field-subgroup\">\n\t\t\t<span class=\"elementor-field-option\">\n\t\t\t\t<input type=\"checkbox\" name=\"form_fields[field_0b4d50e]\" id=\"form-field-field_0b4d50e\" class=\"elementor-field elementor-size-sm  elementor-acceptance-field\" required=\"required\">\n\t\t\t\t<label for=\"form-field-field_0b4d50e\">Al enviar este formulario, autorizo a MINGA S.A., al tratamiento de mis datos personales para la atenci\u00f3n de mi solicitud y la gesti\u00f3n de relaciones comerciales, conforme a la Ley Org\u00e1nica de Protecci\u00f3n de Datos Personales del Ecuador. M\u00e1s informaci\u00f3n: protecciondedatos@danielcom.com<\/label>\t\t\t<\/span>\n\t\t<\/div>\n\t\t\t\t\t\t<\/div>\n\t\t\t\t\t\t\t\t<div class=\"elementor-field-group elementor-column elementor-field-type-submit elementor-col-100 e-form__buttons\">\n\t\t\t\t\t<button class=\"elementor-button elementor-size-sm\" type=\"submit\">\n\t\t\t\t\t\t<span class=\"elementor-button-content-wrapper\">\n\t\t\t\t\t\t\t\t\t\t\t\t\t\t\t\t\t\t\t\t\t\t<span class=\"elementor-button-text\">Enviar<\/span>\n\t\t\t\t\t\t\t\t\t\t\t\t\t<\/span>\n\t\t\t\t\t<\/button>\n\t\t\t\t<\/div>\n\t\t\t<\/div>\n\t\t<\/form>\n\t\t\t\t\t\t<\/div>\n\t\t\t\t<\/div>\n\t\t\t\t\t<\/div>\n\t\t\t\t<\/div>\n\t\t\t\t<\/div>\n\t\t","protected":false},"excerpt":{"rendered":"<p>Hablemos de tu proyecto D\u00e9janos tus datos y uno de nuestros asesores t\u00e9cnicos se comunicar\u00e1 contigo para entender tu necesidad y ofrecerte la mejor soluci\u00f3n.<\/p>\n","protected":false},"author":1,"featured_media":0,"parent":0,"menu_order":0,"comment_status":"closed","ping_status":"closed","template":"","meta":{"footnotes":""},"class_list":["post-141","page","type-page","status-publish","hentry"],"yoast_head":"<!-- This site is optimized with the Yoast SEO plugin v19.13 - https:\/\/yoast.com\/wordpress\/plugins\/seo\/ -->\n<title>Contacto - Minga S.A. - Direcci\u00f3n y n\u00fameros de contactos<\/title>\n<meta name=\"description\" content=\"Minga SA empresa dedicada a brindar servicios petroleros durante ya 40 a\u00f1os. Esta gustoso de responder tus solicitudes o inquietudes. Cont\u00e1ctanos\" \/>\n<meta name=\"robots\" content=\"index, follow, max-snippet:-1, max-image-preview:large, max-video-preview:-1\" \/>\n<link rel=\"canonical\" href=\"https:\/\/minga.ec\/?page_id=141\" \/>\n<meta property=\"og:locale\" content=\"es_ES\" \/>\n<meta property=\"og:type\" content=\"article\" \/>\n<meta property=\"og:title\" content=\"Contacto - Minga S.A. - Direcci\u00f3n y n\u00fameros de contactos\" \/>\n<meta property=\"og:description\" content=\"Minga SA empresa dedicada a brindar servicios petroleros durante ya 40 a\u00f1os. Esta gustoso de responder tus solicitudes o inquietudes. Cont\u00e1ctanos\" \/>\n<meta property=\"og:url\" content=\"https:\/\/minga.ec\/?page_id=141\" \/>\n<meta property=\"og:site_name\" content=\"Minga\" \/>\n<meta property=\"article:modified_time\" content=\"2025-12-30T15:46:07+00:00\" \/>\n<meta name=\"twitter:card\" content=\"summary_large_image\" \/>\n<script type=\"application\/ld+json\" class=\"yoast-schema-graph\">{\"@context\":\"https:\/\/schema.org\",\"@graph\":[{\"@type\":\"WebPage\",\"@id\":\"https:\/\/minga.ec\/?page_id=141\",\"url\":\"https:\/\/minga.ec\/?page_id=141\",\"name\":\"Contacto - Minga S.A. - Direcci\u00f3n y n\u00fameros de contactos\",\"isPartOf\":{\"@id\":\"https:\/\/minga.ec\/#website\"},\"datePublished\":\"2017-04-07T21:35:13+00:00\",\"dateModified\":\"2025-12-30T15:46:07+00:00\",\"description\":\"Minga SA empresa dedicada a brindar servicios petroleros durante ya 40 a\u00f1os. Esta gustoso de responder tus solicitudes o inquietudes. Cont\u00e1ctanos\",\"breadcrumb\":{\"@id\":\"https:\/\/minga.ec\/?page_id=141#breadcrumb\"},\"inLanguage\":\"es\",\"potentialAction\":[{\"@type\":\"ReadAction\",\"target\":[\"https:\/\/minga.ec\/?page_id=141\"]}]},{\"@type\":\"BreadcrumbList\",\"@id\":\"https:\/\/minga.ec\/?page_id=141#breadcrumb\",\"itemListElement\":[{\"@type\":\"ListItem\",\"position\":1,\"name\":\"Portada\",\"item\":\"https:\/\/minga.ec\/\"},{\"@type\":\"ListItem\",\"position\":2,\"name\":\"Contacto\"}]},{\"@type\":\"WebSite\",\"@id\":\"https:\/\/minga.ec\/#website\",\"url\":\"https:\/\/minga.ec\/\",\"name\":\"Minga\",\"description\":\"Servicios t\u00e9cnicos y venta de equipos para el \u00e1rea petrolera\",\"potentialAction\":[{\"@type\":\"SearchAction\",\"target\":{\"@type\":\"EntryPoint\",\"urlTemplate\":\"https:\/\/minga.ec\/?s={search_term_string}\"},\"query-input\":\"required name=search_term_string\"}],\"inLanguage\":\"es\"}]}<\/script>\n<!-- \/ Yoast SEO plugin. -->","yoast_head_json":{"title":"Contacto - Minga S.A. - Direcci\u00f3n y n\u00fameros de contactos","description":"Minga SA empresa dedicada a brindar servicios petroleros durante ya 40 a\u00f1os. Esta gustoso de responder tus solicitudes o inquietudes. Cont\u00e1ctanos","robots":{"index":"index","follow":"follow","max-snippet":"max-snippet:-1","max-image-preview":"max-image-preview:large","max-video-preview":"max-video-preview:-1"},"canonical":"https:\/\/minga.ec\/?page_id=141","og_locale":"es_ES","og_type":"article","og_title":"Contacto - Minga S.A. - Direcci\u00f3n y n\u00fameros de contactos","og_description":"Minga SA empresa dedicada a brindar servicios petroleros durante ya 40 a\u00f1os. Esta gustoso de responder tus solicitudes o inquietudes. Cont\u00e1ctanos","og_url":"https:\/\/minga.ec\/?page_id=141","og_site_name":"Minga","article_modified_time":"2025-12-30T15:46:07+00:00","twitter_card":"summary_large_image","schema":{"@context":"https:\/\/schema.org","@graph":[{"@type":"WebPage","@id":"https:\/\/minga.ec\/?page_id=141","url":"https:\/\/minga.ec\/?page_id=141","name":"Contacto - Minga S.A. - Direcci\u00f3n y n\u00fameros de contactos","isPartOf":{"@id":"https:\/\/minga.ec\/#website"},"datePublished":"2017-04-07T21:35:13+00:00","dateModified":"2025-12-30T15:46:07+00:00","description":"Minga SA empresa dedicada a brindar servicios petroleros durante ya 40 a\u00f1os. Esta gustoso de responder tus solicitudes o inquietudes. Cont\u00e1ctanos","breadcrumb":{"@id":"https:\/\/minga.ec\/?page_id=141#breadcrumb"},"inLanguage":"es","potentialAction":[{"@type":"ReadAction","target":["https:\/\/minga.ec\/?page_id=141"]}]},{"@type":"BreadcrumbList","@id":"https:\/\/minga.ec\/?page_id=141#breadcrumb","itemListElement":[{"@type":"ListItem","position":1,"name":"Portada","item":"https:\/\/minga.ec\/"},{"@type":"ListItem","position":2,"name":"Contacto"}]},{"@type":"WebSite","@id":"https:\/\/minga.ec\/#website","url":"https:\/\/minga.ec\/","name":"Minga","description":"Servicios t\u00e9cnicos y venta de equipos para el \u00e1rea petrolera","potentialAction":[{"@type":"SearchAction","target":{"@type":"EntryPoint","urlTemplate":"https:\/\/minga.ec\/?s={search_term_string}"},"query-input":"required name=search_term_string"}],"inLanguage":"es"}]}},"_links":{"self":[{"href":"https:\/\/minga.ec\/index.php?rest_route=\/wp\/v2\/pages\/141","targetHints":{"allow":["GET"]}}],"collection":[{"href":"https:\/\/minga.ec\/index.php?rest_route=\/wp\/v2\/pages"}],"about":[{"href":"https:\/\/minga.ec\/index.php?rest_route=\/wp\/v2\/types\/page"}],"author":[{"embeddable":true,"href":"https:\/\/minga.ec\/index.php?rest_route=\/wp\/v2\/users\/1"}],"replies":[{"embeddable":true,"href":"https:\/\/minga.ec\/index.php?rest_route=%2Fwp%2Fv2%2Fcomments&post=141"}],"version-history":[{"count":56,"href":"https:\/\/minga.ec\/index.php?rest_route=\/wp\/v2\/pages\/141\/revisions"}],"predecessor-version":[{"id":788,"href":"https:\/\/minga.ec\/index.php?rest_route=\/wp\/v2\/pages\/141\/revisions\/788"}],"wp:attachment":[{"href":"https:\/\/minga.ec\/index.php?rest_route=%2Fwp%2Fv2%2Fmedia&parent=141"}],"curies":[{"name":"wp","href":"https:\/\/api.w.org\/{rel}","templated":true}]}}